{"id":6038,"date":"2023-02-11T07:13:34","date_gmt":"2023-02-11T07:13:34","guid":{"rendered":"https:\/\/capelladeministrers.com\/fundacio-cdm\/"},"modified":"2023-02-12T10:15:46","modified_gmt":"2023-02-12T10:15:46","slug":"fundacio-cdm","status":"publish","type":"page","link":"https:\/\/capelladeministrers.com\/ca\/fundacio-cdm\/","title":{"rendered":"FUNDACI\u00d3 CdM"},"content":{"rendered":"<div class=\"wp-block-image\">\n<figure class=\"aligncenter size-full is-resized\"><img loading=\"lazy\" decoding=\"async\" src=\"https:\/\/capelladeministrers.com\/wp-content\/uploads\/2023\/02\/logoFCdM.png\" alt=\"logo Fundaci&#xF3; CdM\" class=\"wp-image-5108\" width=\"388\" height=\"452\" srcset=\"https:\/\/capelladeministrers.com\/wp-content\/uploads\/2023\/02\/logoFCdM.png 775w, https:\/\/capelladeministrers.com\/wp-content\/uploads\/2023\/02\/logoFCdM-257x300.png 257w, https:\/\/capelladeministrers.com\/wp-content\/uploads\/2023\/02\/logoFCdM-768x895.png 768w, https:\/\/capelladeministrers.com\/wp-content\/uploads\/2023\/02\/logoFCdM-300x350.png 300w, https:\/\/capelladeministrers.com\/wp-content\/uploads\/2023\/02\/logoFCdM-600x699.png 600w\" sizes=\"auto, (max-width: 388px) 100vw, 388px\" \/><\/figure><\/div>\n<div class=\"wp-block-columns is-layout-flex wp-container-core-columns-is-layout-9d6595d7 wp-block-columns-is-layout-flex\">\n<div class=\"wp-block-column is-layout-flow wp-block-column-is-layout-flow\">\n<p>La Fundaci\u00f3 Cultural CdM, Centre Internacional per a la M\u00fasica, la Tradici\u00f3 i el Patrimoni de la Corona d\u2019Arag\u00f3, suposa la posada en valor d\u2019una her\u00e8ncia musical de notable import\u00e0ncia per a la hist\u00f2ria musical d\u2019occident, des de Val\u00e8ncia, una ciutat amb constant rellev\u00e0ncia hist\u00f2rica i patrimonial, de la qual ha fet gala al llarg de la seua hist\u00f2ria. En aquest sentit les propostes de la FCCdM redunden de forma molt positiva per a la societat, amb evidents repercussions en els \u00e0mbits cultural i social. Partint d\u2019una realitat hist\u00f2rica com \u00e9s l\u2019exist\u00e8ncia, entre els segles XII fins als inicis del XVIII d\u2019una estructura geopol\u00edtica, cultural i social coneguda com la Corona d\u2019Arag\u00f3, es promulga a trav\u00e9s de la FCCdM protegir, difondre, recuperar i potenciar el patrimoni musical i cultural generat al voltant del conjunt de territoris que integraven eixe territori i la seua internacionalitzaci\u00f3.<\/p>\n<\/div>\n\n\n\n<div class=\"wp-block-column is-layout-flow wp-block-column-is-layout-flow\">\n<p>La singularitat i caracter\u00edstiques pr\u00f2pies de la cultura en general -i de la m\u00fasica en particular- justifiquen, per si mateixes, la seua exist\u00e8ncia. La FCCdM estableix per a la consecuci\u00f3 dels seus objectius i finalitats un marc d\u2019actuaci\u00f3 que tamb\u00e9 se centra en l\u2019eix Flandes (Pa\u00efsos Baixos), It\u00e0lia, el Mediterrani, les Corones d\u2019Arag\u00f3, Navarra i Castella i el sud de Fran\u00e7a, en clara correspond\u00e8ncia amb el seu propi context hist\u00f2ric, permetent aix\u00ed oferir una visi\u00f3 global i integral que at\u00e9n, a m\u00e9s de les particularitats locals, les l\u00f2giques correspond\u00e8ncies i sinergies establertes entre els diferents espais de conviv\u00e8ncia, aix\u00ed com la comunicaci\u00f3 i l\u2019intercanvi entre totes les cultures d\u2019orient i occident.<\/p>\n<\/div>\n<\/div>\n<style>.wp-block-kadence-spacer.kt-block-spacer-_b41bed-3f .kt-block-spacer{height:60px;}.wp-block-kadence-spacer.kt-block-spacer-_b41bed-3f .kt-divider{border-top-width:3px;height:1px;border-top-color:#eee;width:80%;border-top-style:solid;}<\/style>\n<div class=\"wp-block-kadence-spacer aligncenter kt-block-spacer-_b41bed-3f\"><div class=\"kt-block-spacer kt-block-spacer-halign-center\"><hr class=\"kt-divider\"\/><\/div><\/div>\n\n<div class=\"wp-block-columns is-layout-flex wp-container-core-columns-is-layout-9d6595d7 wp-block-columns-is-layout-flex\">\n<div class=\"wp-block-column is-layout-flow wp-block-column-is-layout-flow\">\n<p>Per a la consecuci\u00f3 dels seus objectius, el Centre Internacional per a la M\u00fasica, la Tradici\u00f3 i el Patrimoni de la Corona d\u2019Arag\u00f3 desenvolupa diversos projectes i programes d\u2019actuaci\u00f3 al voltant de la recerca, la divulgaci\u00f3, la difusi\u00f3, la formaci\u00f3 i la producci\u00f3 de propostes al voltant de la m\u00fasica, el patrimoni i la tradici\u00f3. Entre tots ells destaquen la traject\u00f2ria de difusi\u00f3 i recerca de Capella de Ministrers; el Festival MHA \u2013 M\u00fasica, Hist\u00f2ria i Art; el projecte de recuperaci\u00f3 dels instruments dels \u00e0ngels m\u00fasics de la Seu Metropolitana de Val\u00e8ncia; el Curs i Festival Early MusicMorella; o la restauraci\u00f3 del Cant de la Sibil\u00b7la valenciana, entre altres.<\/p>\n<\/div>\n\n\n\n<div class=\"wp-block-column is-layout-flow wp-block-column-is-layout-flow\">\n<p>La FCCdM fomenta aix\u00ed la difusi\u00f3 local i comunit\u00e0ria i la internacionalitzaci\u00f3 de la cultura des de la investigaci\u00f3 i l\u2019experimentaci\u00f3, amb un evident car\u00e0cter I+D+I, afavorint aix\u00ed els vincles entre la poblaci\u00f3, apropant i estimulant la cultura, afavorint la comunicaci\u00f3, tot amb relacions directes entre diversos festivals, centres d\u2019ensenyament o de recerca, conservatoris, i des d\u2019una perspectiva marcadament interdisciplinari.<\/p>\n<\/div>\n<\/div>\n\n<figure class=\"wp-block-embed is-type-video is-provider-youtube wp-block-embed-youtube wp-embed-aspect-16-9 wp-has-aspect-ratio\"><div class=\"wp-block-embed__wrapper\">\r\n<p class=\"responsive-video-wrap clr\"><iframe loading=\"lazy\" title=\"Fundaci\u00f3 Cultural CdM\" width=\"1200\" height=\"675\" src=\"https:\/\/www.youtube.com\/embed\/hA1leMIKmiA?feature=oembed\" frameborder=\"0\" allow=\"accelerometer; autoplay; clipboard-write; encrypted-media; gyroscope; picture-in-picture; web-share\" allowfullscreen><\/iframe><\/p>\r\n<\/div><\/figure>\r\n\n<div style=\"height:30px\" aria-hidden=\"true\" class=\"wp-block-spacer\"><\/div>\n","protected":false},"excerpt":{"rendered":"<p>La Fundaci\u00f3 Cultural CdM, Centre Internacional per a la M\u00fasica, la Tradici\u00f3 i el Patrimoni de la Corona d\u2019Arag\u00f3, suposa la posada en valor d\u2019una her\u00e8ncia musical de notable import\u00e0ncia per a la hist\u00f2ria musical d\u2019occident, des de Val\u00e8ncia, una ciutat amb constant rellev\u00e0ncia hist\u00f2rica i patrimonial, de la qual ha fet gala al llarg [&hellip;]<\/p>\n","protected":false},"author":1,"featured_media":0,"parent":0,"menu_order":0,"comment_status":"closed","ping_status":"closed","template":"","meta":{"ocean_post_layout":"","ocean_both_sidebars_style":"","ocean_both_sidebars_content_width":0,"ocean_both_sidebars_sidebars_width":0,"ocean_sidebar":"0","ocean_second_sidebar":"0","ocean_disable_margins":"on","ocean_add_body_class":"","ocean_shortcode_before_top_bar":"","ocean_shortcode_after_top_bar":"","ocean_shortcode_before_header":"","ocean_shortcode_after_header":"","ocean_has_shortcode":"","ocean_shortcode_after_title":"","ocean_shortcode_before_footer_widgets":"","ocean_shortcode_after_footer_widgets":"","ocean_shortcode_before_footer_bottom":"","ocean_shortcode_after_footer_bottom":"","ocean_display_top_bar":"default","ocean_display_header":"default","ocean_header_style":"","ocean_center_header_left_menu":"0","ocean_custom_header_template":"0","ocean_custom_logo":0,"ocean_custom_retina_logo":0,"ocean_custom_logo_max_width":0,"ocean_custom_logo_tablet_max_width":0,"ocean_custom_logo_mobile_max_width":0,"ocean_custom_logo_max_height":0,"ocean_custom_logo_tablet_max_height":0,"ocean_custom_logo_mobile_max_height":0,"ocean_header_custom_menu":"0","ocean_menu_typo_font_family":"0","ocean_menu_typo_font_subset":"","ocean_menu_typo_font_size":0,"ocean_menu_typo_font_size_tablet":0,"ocean_menu_typo_font_size_mobile":0,"ocean_menu_typo_font_size_unit":"px","ocean_menu_typo_font_weight":"","ocean_menu_typo_font_weight_tablet":"","ocean_menu_typo_font_weight_mobile":"","ocean_menu_typo_transform":"","ocean_menu_typo_transform_tablet":"","ocean_menu_typo_transform_mobile":"","ocean_menu_typo_line_height":0,"ocean_menu_typo_line_height_tablet":0,"ocean_menu_typo_line_height_mobile":0,"ocean_menu_typo_line_height_unit":"","ocean_menu_typo_spacing":0,"ocean_menu_typo_spacing_tablet":0,"ocean_menu_typo_spacing_mobile":0,"ocean_menu_typo_spacing_unit":"","ocean_menu_link_color":"","ocean_menu_link_color_hover":"","ocean_menu_link_color_active":"","ocean_menu_link_background":"","ocean_menu_link_hover_background":"","ocean_menu_link_active_background":"","ocean_menu_social_links_bg":"","ocean_menu_social_hover_links_bg":"","ocean_menu_social_links_color":"","ocean_menu_social_hover_links_color":"","ocean_disable_title":"enable","ocean_disable_heading":"enable","ocean_post_title":"FUNDACI\u00d3 CdM","ocean_post_subheading":"","ocean_post_title_style":"centered","ocean_post_title_background_color":"","ocean_post_title_background":0,"ocean_post_title_bg_image_position":"","ocean_post_title_bg_image_attachment":"","ocean_post_title_bg_image_repeat":"","ocean_post_title_bg_image_size":"","ocean_post_title_height":0,"ocean_post_title_bg_overlay":0.5,"ocean_post_title_bg_overlay_color":"","ocean_disable_breadcrumbs":"default","ocean_breadcrumbs_color":"","ocean_breadcrumbs_separator_color":"","ocean_breadcrumbs_links_color":"","ocean_breadcrumbs_links_hover_color":"","ocean_display_footer_widgets":"default","ocean_display_footer_bottom":"default","ocean_custom_footer_template":"0","footnotes":""},"class_list":["post-6038","page","type-page","status-publish","hentry","entry","owp-thumbs-layout-vertical","owp-btn-big","owp-tabs-layout-section","has-no-thumbnails"],"_links":{"self":[{"href":"https:\/\/capelladeministrers.com\/ca\/wp-json\/wp\/v2\/pages\/6038","targetHints":{"allow":["GET"]}}],"collection":[{"href":"https:\/\/capelladeministrers.com\/ca\/wp-json\/wp\/v2\/pages"}],"about":[{"href":"https:\/\/capelladeministrers.com\/ca\/wp-json\/wp\/v2\/types\/page"}],"author":[{"embeddable":true,"href":"https:\/\/capelladeministrers.com\/ca\/wp-json\/wp\/v2\/users\/1"}],"replies":[{"embeddable":true,"href":"https:\/\/capelladeministrers.com\/ca\/wp-json\/wp\/v2\/comments?post=6038"}],"version-history":[{"count":0,"href":"https:\/\/capelladeministrers.com\/ca\/wp-json\/wp\/v2\/pages\/6038\/revisions"}],"wp:attachment":[{"href":"https:\/\/capelladeministrers.com\/ca\/wp-json\/wp\/v2\/media?parent=6038"}],"curies":[{"name":"wp","href":"https:\/\/api.w.org\/{rel}","templated":true}]}}

FUNDACIÓ CdM

<div class="wp-block-image">
<figure class="aligncenter size-full is-resized"><img loading="lazy" decoding="async" src="https://capelladeministrers.com/wp-content/uploads/2023/02/logoFCdM.png" alt="logo Fundaci&#xF3; CdM" class="wp-image-5108" width="388" height="452" srcset="https://capelladeministrers.com/wp-content/uploads/2023/02/logoFCdM.png 775w, https://capelladeministrers.com/wp-content/uploads/2023/02/logoFCdM-257x300.png 257w, https://capelladeministrers.com/wp-content/uploads/2023/02/logoFCdM-768x895.png 768w, https://capelladeministrers.com/wp-content/uploads/2023/02/logoFCdM-300x350.png 300w, https://capelladeministrers.com/wp-content/uploads/2023/02/logoFCdM-600x699.png 600w" sizes="auto, (max-width: 388px) 100vw, 388px" /></figure></div>
<div class="wp-block-columns is-layout-flex wp-container-core-columns-is-layout-9d6595d7 wp-block-columns-is-layout-flex">
<div class="wp-block-column is-layout-flow wp-block-column-is-layout-flow">
<p>La Fundació Cultural CdM, Centre Internacional per a la Música, la Tradició i el Patrimoni de la Corona d’Aragó, suposa la posada en valor d’una herència musical de notable importància per a la història musical d’occident, des de València, una ciutat amb constant rellevància històrica i patrimonial, de la qual ha fet gala al llarg de la seua història. En aquest sentit les propostes de la FCCdM redunden de forma molt positiva per a la societat, amb evidents repercussions en els àmbits cultural i social. Partint d’una realitat històrica com és l’existència, entre els segles XII fins als inicis del XVIII d’una estructura geopolítica, cultural i social coneguda com la Corona d’Aragó, es promulga a través de la FCCdM protegir, difondre, recuperar i potenciar el patrimoni musical i cultural generat al voltant del conjunt de territoris que integraven eixe territori i la seua internacionalització.</p>
</div>



<div class="wp-block-column is-layout-flow wp-block-column-is-layout-flow">
<p>La singularitat i característiques pròpies de la cultura en general -i de la música en particular- justifiquen, per si mateixes, la seua existència. La FCCdM estableix per a la consecució dels seus objectius i finalitats un marc d’actuació que també se centra en l’eix Flandes (Països Baixos), Itàlia, el Mediterrani, les Corones d’Aragó, Navarra i Castella i el sud de França, en clara correspondència amb el seu propi context històric, permetent així oferir una visió global i integral que atén, a més de les particularitats locals, les lògiques correspondències i sinergies establertes entre els diferents espais de convivència, així com la comunicació i l’intercanvi entre totes les cultures d’orient i occident.</p>
</div>
</div>
<style>.wp-block-kadence-spacer.kt-block-spacer-_b41bed-3f .kt-block-spacer{height:60px;}.wp-block-kadence-spacer.kt-block-spacer-_b41bed-3f .kt-divider{border-top-width:3px;height:1px;border-top-color:#eee;width:80%;border-top-style:solid;}</style>
<div class="wp-block-kadence-spacer aligncenter kt-block-spacer-_b41bed-3f"><div class="kt-block-spacer kt-block-spacer-halign-center"><hr class="kt-divider"/></div></div>

<div class="wp-block-columns is-layout-flex wp-container-core-columns-is-layout-9d6595d7 wp-block-columns-is-layout-flex">
<div class="wp-block-column is-layout-flow wp-block-column-is-layout-flow">
<p>Per a la consecució dels seus objectius, el Centre Internacional per a la Música, la Tradició i el Patrimoni de la Corona d’Aragó desenvolupa diversos projectes i programes d’actuació al voltant de la recerca, la divulgació, la difusió, la formació i la producció de propostes al voltant de la música, el patrimoni i la tradició. Entre tots ells destaquen la trajectòria de difusió i recerca de Capella de Ministrers; el Festival MHA – Música, Història i Art; el projecte de recuperació dels instruments dels àngels músics de la Seu Metropolitana de València; el Curs i Festival Early MusicMorella; o la restauració del Cant de la Sibil·la valenciana, entre altres.</p>
</div>



<div class="wp-block-column is-layout-flow wp-block-column-is-layout-flow">
<p>La FCCdM fomenta així la difusió local i comunitària i la internacionalització de la cultura des de la investigació i l’experimentació, amb un evident caràcter I+D+I, afavorint així els vincles entre la població, apropant i estimulant la cultura, afavorint la comunicació, tot amb relacions directes entre diversos festivals, centres d’ensenyament o de recerca, conservatoris, i des d’una perspectiva marcadament interdisciplinari.</p>
</div>
</div>

<figure class="wp-block-embed is-type-video is-provider-youtube wp-block-embed-youtube wp-embed-aspect-16-9 wp-has-aspect-ratio"><div class="wp-block-embed__wrapper">
<p class="responsive-video-wrap clr"><iframe loading="lazy" title="Fundació Cultural CdM" width="1200" height="675" src="https://www.youtube.com/embed/hA1leMIKmiA?feature=oembed" frameborder="0" allow="accelerometer; autoplay; clipboard-write; encrypted-media; gyroscope; picture-in-picture; web-share" allowfullscreen></iframe></p>
</div></figure>

<div style="height:30px" aria-hidden="true" class="wp-block-spacer"></div>

<p>La Fundació Cultural CdM, Centre Internacional per a la Música, la Tradició i el Patrimoni de la Corona d’Aragó, suposa la posada en valor d’una herència musical de notable importància per a la història musical d’occident, des de València, una ciutat amb constant rellevància històrica i patrimonial, de la qual ha fet gala al llarg [&hellip;]</p>
